mmon divisor of z and 48?
48
Suppose -61*k - 28 = -75*k. Let a(u) = 37*u - 14. Let t be a(k). Calculate the highest common divisor of t and 105.
15
Let c be 26 + -4 + (6/(-9) - (-29)/3). Calculate the highest common factor of c and 6293.
31
Suppose 0 = -4364*v + 4273*v + 7735. What is the greatest common factor of 22865 and v?
85
Let p(b) = -28*b + 31. Let x be p(1). Calculate the highest common divisor of 573 and x.
3
Let s be (8/10)/(-4*1/(-30)). Let q = 7201 + -6985. What is the highest common divisor of s and q?
6
Let g be (6/(-8))/(2/((-16)/2)). Suppose -h = g*m + 2, m - 6 = 2*m - 5*h. Let d be ((-3*5)/m)/(2/22). Calculate the greatest common divisor of 33 and d.
33
Let y = 418 + -218. Suppose y = 7*a - 535. Calculate the greatest common factor of a and 70.
35
Let a(p) = -p**2 + 27*p - 87. Let y be a(24). Let z be (-6)/15 + (-16611)/y. Calculate the highest common divisor of z and 41.
41
Let z = 42 - -43. Let n(x) = 8 - 32*x + x**3 - 66*x**2 + 2*x - 2 + 78*x**2. Let c be n(-14). Calculate the highest common divisor of z and c.
17
Let g(t) = -t**3 + 19*t**2 + 14*t + 129. Suppose 80 = 4*b - 2*a, -5*a = -a. Let v be g(b). Calculate the highest common divisor of 171 and v.
9
Let c be 2/((-235)/(-225) - 4 - -3). Let f = c + -41. Let y(q) = -q**3 + 10*q**2 - 6*q - 29. Let z be y(7). What is the highest common divisor of z and f?
4
Let t be 0 + 946/(-5) + 68/(-85). Let u = -40 - t. What is the greatest common factor of 6 and u?
6
Suppose 15 = -2*z + 13. Let o be -5 + (-1 + z)*-283. Suppose -5*q = -d + 167, -3*d - 11*q + 6*q + o = 0. Calculate the highest common divisor of 26 and d.
26
Let c = 469 - 1070. Let v = 753 + c. Let a be 2*-1*38/(-4). Calculate the highest common factor of v and a.
19
Suppose -4*a - 350 = -2*u, -4*u + 2*a = 6*a - 700. Let h = -1318 - -1388. Calculate the greatest common factor of u and h.
35
Suppose 3*v + 5*k - 10*k - 108 = 0, 5*k = -3*v + 48. What is the highest common divisor of 403 and v?
13
Suppose -810 = 21*f - 51*f. Calculate the highest common factor of f and 999.
27
Suppose 5*a = 2*p - 80 + 380, 4*p - 240 = -4*a. Let k = a - 18. Calculate the greatest common divisor of k and 12.
6
Suppose 0 = -43*m - 1 + 87. Suppose p - m - 18 = 0. What is the greatest common divisor of 60 and p?
20
Let b be (2/6)/((-31)/651). Let y be 927 + (567/b)/(-9). What is the greatest common factor of 24 and y?
24
Let i(q) = q**2 - 4*q - 3. Let f = -30 - -35. Let p be i(f). Suppose p*s - 135 = -3*s. Calculate the highest common divisor of 9 and s.
9
Suppose -84*z - 155*z = -4293924 + 890564. What is the highest common factor of z and 5?
5
Let s = -72 - 298. Let x = 394 + s. Calculate the highest common divisor of x and 15.
3
Suppose 3*s + 2*q - 25659 = 0, 5*s - 41*q - 42778 = -40*q. Calculate the highest common divisor of s and 145.
145
Let c(z) = 7*z - 3*z**2 + 11*z**2 - 5*z**2 - 2*z**2 + 18. Let f be c(-5). Calculate the greatest common divisor of 16 and f.
8
Let o be -20 - ((-16)/(-16) + -9153). What is the greatest common divisor of o and 6?
6
Suppose 4*k - 5*h - 39 = 0, -3*h = 41*k - 39*k - 25. Calculate the greatest common divisor of 2332 and k.
11
Let c(h) = h**3 - 16*h**2 + 19*h - 33. Let w be c(13). Let u = -285 - w. What is the greatest common divisor of 72 and u?
8
Let d = 983 - 623. Calculate the highest common divisor of 162 and d.
18
Suppose -252*f = -945 - 63. Let d be (4/5)/((-1)/25). Let y = -14 - d. What is the greatest common divisor of f and y?
2
Let j = -95 - -79. Let m = -12 - j. Suppose 20 - 8 = m*l. What is the greatest common divisor of 39 and l?
3
Let j(f) = f**3 + 3*f**2 - 10*f + 2. Let v be j(-5). Suppose 0 = v*u - 18. Let r be ((-8)/(-8) + -3)/((-4)/18). Calculate the greatest common factor of u and r.
9
Let m = -5350 - -5798. Calculate the highest common factor of 11984 and m.
112
Let o be -1*((-16)/(-4) - -1). Let d be 58 + (3/o)/((-2)/(-10)). Suppose -4*c - 7 = -d. What is the highest common divisor of c and 60?
12
Suppose -72*s - 20*s + 280 = -57*s. What is the highest common divisor of s and 17288?
8
Let z = 10610 - 10398. What is the highest common divisor of 8586 and z?
106
Suppose 23 - 127 = -4*h. Let t be (-30)/(-4)*14/21. Let o be (-13)/(t/30*(-5 + 2)). What is the greatest common divisor of h and o?
26
Suppose 29*r = 35*r - 2262. Suppose -10*v - 19*v + r = 0. Calculate the highest common divisor of v and 65.
13
Let g = -1844 - -2824. Calculate the greatest common factor of g and 98.
98
Let t(r) = -534*r + 3573. Let l be t(6). What is the highest common divisor of 18 and l?
9
Suppose 14*o - o - 120 = 140. Calculate the highest common factor of 5120 and o.
20
Suppose 4*w - 2*w - 3*v + 7 = 0, 0 = 2*w - 2*v + 4. Let h be w/5 - (-1032)/40. Calculate the greatest common divisor of h and 52.
26
Suppose 36*p - 106*p = -71120. Calculate the greatest common factor of 24 and p.
8
Let o = -8298 - -10488. What is the highest common factor of o and 15?
15
Let x be ((-9)/36)/((-2)/392). Let i(c) = -20*c + 298. Let z be i(10). Calculate the greatest common divisor of x and z.
49
Let w(v) = 2*v**2 - 30 - 42*v + 35*v - v**2. Let t be w(11). Calculate the highest common factor of t and 182.
14
Suppose -290*w + 313*w - 2093 = 0. What is the greatest common factor of w and 224?
7
Let i be 8 + 30/(0 - 6). Suppose -4*a + i*r + 17 = -38, 0 = 4*a - r - 61. What is the greatest common factor of a and 496?
16
Suppose -20441*w - 407 = -20478*w + 555. Suppose -250 = -2*k + 4*d, -476 = -4*k - d + 3*d. Calculate the highest common divisor of w and k.
13
Suppose 16*x - 12 = 10*x. Let a(y) = -1 - 8*y**2 + 9*y**2 - x*y**2 - 10*y. Let v be a(-8). What is the greatest common divisor of v and 5?
5
Let i be (4/(-12))/(2/(-54)). Let t(v) = -v**3 + 8*v**2 + 10*v + 5. Let h be t(i). Suppose 9*l - h*l + 55 = 0. What is the highest common divisor of 55 and l?
11
Let h(o) = -152*o + 56*o - 12 + 60*o. Let y be h(-5). What is the greatest common divisor of 24 and y?
24
Let p be (-1)/((-17)/2) + (-56475)/(-425). Let q be -2 - ((4 - 3) + 33). Let m be -2 + 3 + q/(-2). What is the highest common divisor of p and m?
19
Let g(j) = -j + 18. Suppose -i + 3*d = 18, i + 2*i - 4*d + 34 = 0. Let t be g(i). Calculate the highest common divisor of 648 and t.
24
Let s be 2/(-1) + 6 + 2400/(-3). Let d = 859 + s. What is the greatest common divisor of 189 and d?
63
Let v(l) = -l**3 - 87*l**2 - 609*l - 102. Let f be v(-82). What is the highest common divisor of f and 8?
8
Let m(g) = 781*g**2 + 942*g - 3. Let z be m(-3). What is the greatest common factor of 315 and z?
105
Suppose -37*a = -44*a + 4921. What is the greatest common factor of 19 and a?
19
Let v(l) = 18*l**3 - 188*l**2 - 16*l - 65. Let o be v(16). What is the highest common divisor of 17 and o?
17
Suppose -h = -x - 13779, 33*h - 5*x + 27558 = 35*h. What is the greatest common factor of h and 18?
9
Let v(p) = -2 - 136*p + 111*p - 5. Let h be v(-4). Suppose 0*d + 3*d = h. Calculate the highest common divisor of 31 and d.
31
Let j(k) = 3*k**3 + 9*k**2 + 14*k + 9. Let s be j(-6). Let n = s - -421. What is the greatest common factor of 748 and n?
22
Let v(h) = 2*h**3 + 6*h**2 + 22*h - 6. Let w be v(-10). Let d be (30/(-9))/(6 + w/270). What is the greatest common factor of 25 and d?
25
Let p be (-85)/(-25) + 1075/125. Calculate the greatest common divisor of p and 1056.
12
Let b(j) = 5*j - 9. Let f(k) = k**3 + 3*k**2 - 3*k - 4. Let i be f(-2). Let u be b(i). Suppose 3 = 4*o - u. What is the highest common divisor of 66 and o?
6
Let h be -1*8/(-6) - (-4)/6. Let w = 6 + h. Suppose -12*p + w*p = -136. Calculate the highest common divisor of 34 and p.
34
Let q = 16357 - 16132. Calculate the highest common divisor of q and 175.
25
Suppose -64032 = -294*o + 62*o. Calculate the highest common divisor of 2628 and o.
12
Let g = -3136 - -3215. What is the highest common divisor of 10823 and g?
79
Let g = -6 - -25. Let c = 26 - g. Let a(h) = -h**3 + 9*h**2 - 24*h + 135. Let m be a(8). Calculate the highest common divisor of m and c.
7
Let s be (39/5)/(184/15640). What is the highest common divisor of 273 and s?
39
Let i be 8/10*635/(-254). Let y be i/1*(-3)/(-3)*-492. Calculate the highest common factor of y and 24.
24
Let a = 15922 - 15606. Calculate the highest common divisor of a and 2133.
79
Let l be 48/(